2?
2
What is the ten thousands digit of 958272284?
7
What is the hundreds digit of 77946961?
9
What is the hundreds digit of 577823557?
5
What is the hundred thousands digit of 47344178?
3
What is the thousands digit of 423372133?
2
What is the tens digit of 269419776?
7
What is the units digit of 210396519?
9
What is the millions digit of 1674854641?
4
What is the units digit of 62702865?
5
What is the tens digit of 149744330?
3
What is the tens digit of 406027824?
2
What is the billions digit of 5480505698?
5
What is the ten millions digit of 85079288?
8
What is the units digit of 1350032375?
5
What is the tens digit of 56514324?
2
What is the ten thousands digit of 4817779901?
7
What is the ten thousands digit of 38996112?
9
What is the ten thousands digit of 2542430631?
3
What is the millions digit of 3583791572?
3
What is the units digit of 18242697?
7
What is the units digit of 59416622?
2
What is the hundreds digit of 474216812?
8
What is the units digit of 5151995042?
2
What is the tens digit of 969909534?
3
What is the hundred thousands digit of 9077280?
0
What is the millions digit of 178117459?
8
What is the ten millions digit of 2013753014?
1
What is the thousands digit of 97533059?
3
What is the ten thousands digit of 40834323?
3
What is the hundred millions digit of 120974501?
1
What is the millions digit of 47574678?
7
What is the ten millions digit of 1142082707?
4
What is the hundred thousands digit of 93786594?
7
What is the ten millions digit of 7543706569?
4
What is the ten thousands digit of 791356783?
5
What is the millions digit of 655489532?
5
What is the ten millions digit of 114139736?
1
What is the hundreds digit of 132060234?
2
What is the hundred thousands digit of 108875296?
8
What is the units digit of 22667472?
2
What is the hundreds digit of 46421045?
0
What is the millions digit of 210702379?
0
What is the hundreds digit of 2221927811?
8
What is the millions digit of 403584737?
3
What is the thousands digit of 20803387?
3
What is the thousands digit of 3997194388?
4
What is the millions digit of 1121453371?
1
What is the hundred thousands digit of 34658965?
6
What is the thousands digit of 119354550?
4
What is the hundreds digit of 1048680196?
1
What is the tens digit of 63875041?
4
What is the hundreds digit of 51931189?
1
What is the hundreds digit of 291608331?
3
What is the thousands digit of 662234178?
4
What is the ten millions digit of 30730215?
3
What is the units digit of 167678783?
3
What is the hundreds digit of 446848976?
9
What is the ten millions digit of 23540766?
2
What is the hundreds digit of 3292374968?
9
What is the hundred thousands digit of 2351644604?
6
What is the hundred thousands digit of 431980405?
9
What is the hundred thousands digit of 8353262243?
2
What is the ten thousands digit of 1236453265?
5
What is the units digit of 59617217?
7
What is the units digit of 14778347?
7
What is the ten millions digit of 196846457?
9
What is the hundred thousands digit of 15749018?
7
What is the ten millions digit of 927441327?
2
What is the thousands digit of 1534388043?
8
What is the millions digit of 185398666?
5
What is the millions digit of 220907532?
0
What is the units digit of 3556994879?
9
What is the ten thousands digit of 282678621?
7
What is the tens digit of 91284893?
9
What is the hundreds digit of 6414626?
6
What is the ten thousands digit of 750056340?
5
What is the ten thousands digit of 209386681?
8
What is the ten thousands digit of 397651583?
5
What is the hundreds digit of 97837018?
0
What is the hundred thousands digit of 679942731?
9
What is the millions digit of 272654412?
2
What is the tens digit of 197489894?
9
What is the hundred millions digit of 769981530?
7
What is the ten thousands digit of 84203886?
0
What is the thousands digit of 1541193220?
3
What is the tens digit of 3843372209?
0
What is the hundred millions digit of 215662937?
2
What is the hundreds digit of 180002153?
1
What is the ten millions digit of 7506310041?
0
What is the ten thousands digit of 270819105?
1
What is the hundred millions digit of 2380893735?
3
What is the ten thousands digit of 39739942?
3
What is the ten millions digit of 411975792?
1
What is the units digit of 34290978?
8
What is the hundred thousands digit of 842464514?
4
What is the millions digit of 798369342?
8
What is the thousands digit of 1802800075?
0
What is the millions digit of 148410601?
8
What is the millions digit of 8622274?
8
What is the ten millions digit of 99843395?
9
What is the thousands digit of 522849573?
9
What is the units digit of 3024626323?
3
What is the ten millions digit of 242508027?
4
What is the billions digit of 2858319670?
2
What is the hundred thousands digit of 318253649?
2
What is the ten thousands digit of 13492948?
9
What is the tens digit of 398164397?
9
What is the hundreds digit of 755160767?
7
What is the hundred thousands digit of 27271029?
2
What is the hundreds digit of 267727829?
8
What is the hundred thousands digit of 44767029?
7
What is the thousands digit of 934161567?
1
What is the tens digit of 988760580?
8
What is the hundred thousands digit of 558115708?
1
What is the millions digit of 425972726?
5
What is the millions digit of 39863769?
9
What is the millions digit of 69474681?
9
What is the hundred thousands digit of 464132977?
1
What is the units digit of 514273747?
7
What is the units digit of 136777090?
0
What is the ten thousands digit of 413142252?
4
What is the ten millions digit of 415231560?
1
What is the thousands digit of 968799942?
9
What is the hundred millions digit of 249572454?
2
What is the ten thousands digit of 964478813?
7
What is the ten millions digit of 1195861239?
9
What is the hundred thousands digit of 76509830?
5
What is the millions digit of 75403886?
5
What is the tens digit of 22062400?
0
What is the thousands digit of 108831044?
1
What is the tens digit of 54537701?
0
What is the millions digit of 5348884?
5
What is the hundred millions digit of 149890054?
1
What is the tens digit of 46308703?
0
What is the tens digit of 3397628445?
4
What is the ten millions digit of 701633537?
0
What is the millions digit of 2225759?
2
What is the hundred thousands digit of 11199887?
1
What is the units digit of 99008266?
6
What is the thousands digit of 402613764?
3
What is the ten millions digit of 63729211?
6
What is the units digit of 447820638?
8
What is the hundred millions digit of 252611170?
2
What is the hundred millions digit of 116316754?
1
What is the ten thousands digit of 217559421?
5
What is the hundreds digit of 119019718?
7
What is the millions digit of 301224378?
1
What is the units digit of 95362455?
5
What is the hundred millions digit of 207167897?
2
What is the units digit of 320372335?
5
What is the thousands digit of 73882929?
2
What is the ten thousands digit of 4074626739?
2
What is the ten millions digit of 882181291?
8
What is the hundred thousands digit of 1105948354?
9
What is the hundreds digit of 6933690930?
9
What is the billions digit of 5643972512?
5
What is the ten thousands digit of 166462567?
6
What is the units digit of 119110133?
3
What is the ten millions digit of 33313729?
3
What is the tens digit of 3051227867?
6
What is the hundred millions digit of 6831297755?
8
What is the thousands digit of 28083434?
3
What is the ten millions digit of 202328689?
0
What is the thousands digit of 73553795?
3
What is the units digit of 2185000566?
6
What is the ten millions digit of 2205578151?
0
What is the hundred millions digit of 723369013?
7
What is the ten thousands digit of 14540772?
4
What is the units digit of 373644765?
5
What is the millions digit of 63062545?
3
What is the tens digit of 2354790601?
0
What is the tens digit of 203813780?
8
What is the tens digit of 1504936925?
2
What is the ten millions digit of 225491001?
2
What is the tens digit of 505480432?
3
What is the tens digit of 76425915?
1
What is the units digit of 1934817378?
8
What is the hundred thousands digit of 76070396?
0
What is the hundreds digit of 98330497?
4
What is the ten thousands digit of 15026435?
2
What is the tens digit of 1045035659?
5
What is the millions digit of 9342114?
9
What is the millions digit of 25437260?
5
What is the hundred